3*n**2 - 7*n + 5. Suppose 4*m - 29 + 1 = 0. What is the hundreds digit of k(m)?
1
Let x(h) = 2*h**3 + 65*h**2 - 59*h - 95. What is the hundreds digit of x(-31)?
6
What is the units digit of (-10)/(-4)*(-12)/10 + 289?
6
Suppose -369*f + 367*f + 7130 = 0. What is the hundreds digit of f?
5
Suppose 0 = 5*q - 4*k - 314, 5*k - 20 = -0*k. Let y = q - 23. What is the units digit of y?
3
Suppose 0 = 2*x + 3*x - 40. Let n = x - -10. Let k = n + -1. What is the tens digit of k?
1
Suppose 2*o = -5*n - 194 + 1010, 816 = 2*o + n. What is the hundreds digit of o?
4
Let y(z) = -205*z - 132. What is the hundreds digit of y(-4)?
6
Let v(u) be the first derivative of 3 + 0 - 6*u + 3*u + 2*u**2 + 0*u**2. What is the tens digit of v(9)?
3
Let r = 2741 - 800. What is the thousands digit of r?
1
Let h = 1522 + 112. What is the units digit of h?
4
Let a be 11/(-33) - 14/(-6). Suppose -3*z + 4*z = a. What is the units digit of ((-10)/z)/(1/(-2))?
0
Suppose l + 5*g = 3*l + 333, 3*l + g = -508. Let p = l - -350. What is the units digit of p?
1
Suppose 29 + 115 = 4*p. Let a be p/24*(-8)/(-6). What is the units digit of (180/(-15))/((-3)/a)?
8
Suppose 2*j + 18592 = 5*b, 14*b - 5*j = 12*b + 7420. What is the hundreds digit of b?
7
Let k(b) = -b**3 - 9*b**2 - 5*b - 3. Let h be k(-9). Let i be (h/3 - -3) + -3. Let m = 1 + i. What is the units digit of m?
5
Let r(d) = d - 1. Let v(j) = 3*j - 161. Let a(i) = 6*r(i) - v(i). What is the units digit of a(0)?
5
Suppose 0 = -r - r - 14. Let g = -2 - r. Suppose -g*i = -8*i + 225. What is the tens digit of i?
7
Suppose 3*k + 12*t - 16*t = 9305, -5*k + 4*t + 15511 = 0. What is the units digit of k?
3
Let j(s) = s**3 + 14*s**2 - 7*s + 69. What is the hundreds digit of j(-13)?
3
Let y(k) = -9*k - 3. Let q be y(-4). Suppose -12 = -17*u + 5*u. Let w = q + u. What is the units digit of w?
4
Suppose 23 = 5*s - 2. Suppose -s*x = 3*k - 118, -2*x + 2*k + 2 = -42. Let w = x + 5. What is the tens digit of w?
2
Suppose s + 3*s - 8 = 0. Let i(f) = 14*f**2. Let g(y) = 57*y**2 - y. Let v(t) = -2*g(t) + 9*i(t). What is the tens digit of v(s)?
5
What is the tens digit of (45/5)/((-3)/324*-3)?
2
Let q be (-1)/3 - 88/6. Let d = 19 + q. Suppose 0 = d*x - 15 - 1. What is the units digit of x?
4
Let v = 18 - 18. Suppose v = 5*o - 10 + 90. Let g = o + 21. What is the units digit of g?
5
Let g be 3/9*3/1. Let l be 0*(g + (-12)/9). Suppose h - 6*h + 190 = l. What is the units digit of h?
8
Suppose 2800 = 35*u - 31*u. What is the hundreds digit of u?
7
Let b(n) = 148*n + 112. What is the tens digit of b(10)?
9
Suppose -4*h = -3*f - 29, 2*f + 3*f + 50 = 5*h. Let d(y) = y**3 + 11*y**2 - 9*y - 6. What is the tens digit of d(f)?
9
Suppose 0 = -13*u + 8*u - 4*z + 4428, 894 = u - 2*z. What is the tens digit of u?
8
Let j = -59 + 64. Suppose j*m = s + 584, 2*m + 0*s - 228 = -s. What is the hundreds digit of m?
1
Let f(v) be the second derivative of v**5/20 - 2*v**4/3 - 7*v**3/6 + 7*v**2/2 + 3*v. Let s be f(6). Let j = 157 + s. What is the tens digit of j?
5
Suppose -45*j + 17*j = -22708. What is the tens digit of j?
1
Let f(y) = 121*y - 183. What is the units digit of f(6)?
3
Suppose 5*f - 3*x = 62, -2*x = 2*f - 5 - 7. Suppose -f*j + 44 = -9*j. Suppose 3*p - j = 2*p. What is the tens digit of p?
4
Let j be (-5 - -4 - -96) + 0. Suppose j = 7*d - 2*d. What is the units digit of d?
9
Let d(o) = 2*o - 4. Suppose -3*b + 15 = -0*b, 0 = -q - b + 9. Let u be d(q). What is the tens digit of 18 - (-2)/u*2?
1
Suppose -r - r = -428. Suppose 3*w + 4*z = r, 4*w + 5*z - 290 = -3. Suppose -3*h = -3*c - 36, -h - w = -6*h - c. What is the tens digit of h?
1
Let v be (43/4)/((-22)/(-88)). Suppose -3*d + 159 = -3*s, -4*d - v = -2*s - 255. What is the units digit of d?
3
Let z(r) = 7*r + r**2 + 16*r**2 + 35*r**2 + 6. What is the units digit of z(-2)?
0
Suppose -3*o - 17*t + 5905 = -15*t, -o + 1940 = -5*t. What is the tens digit of o?
6
Suppose 1586 = q + a - 136, -2*a = 4*q - 6894. What is the tens digit of q?
2
Suppose 8*j - 955 = 8221. What is the tens digit of j?
4
Let n be (10/(-14))/((-9)/63). Suppose -n*w = -7*w + 114. What is the units digit of w?
7
Suppose -3*k - 4*c - 3180 = 0, 2*k - 4*c = c - 2097. What is the tens digit of (3/2)/((-1)/(k/18))?
8
Let c(f) = 168*f - 89. Let m(u) = -42*u + 22. Let a(z) = -2*c(z) - 9*m(z). What is the units digit of a(2)?
4
Let o(i) = i - 20. Let s be o(-6). Let d be s/8*(-15 - 5). Suppose 5*q + 25 = 0, -3*t - 3*q - d = -4*t. What is the units digit of t?
0
Let g be (2/4)/((-3)/(-18)). Suppose 0 = g*m - 5*m + 44. What is the tens digit of m + (-5 + 1)/2?
2
Suppose -11*h + 29250 = 14*h. What is the thousands digit of h?
1
Let i = -101 - -21. Let m = i + 204. What is the hundreds digit of m?
1
Let a = -19 - -17. Let h be -8*(a + (-58)/(-8)). Let m = -26 - h. What is the tens digit of m?
1
Suppose -44*z - 141 = -47*z. Suppose 74 = l - s, -z - 101 = -2*l - 2*s. What is the tens digit of l?
7
Let u = -84 + 84. Suppose -4*q + r + 335 = u, 4*q - 5*r - 348 + 17 = 0. What is the units digit of q?
4
Let t(q) = -q**2 + 10*q + 22. Let w(g) = -1. Let m(a) = -t(a) - 2*w(a). Let z be m(12). Suppose s + 0*s - z = 0. What is the units digit of s?
4
What is the tens digit of 860 + (-5)/5 + -1?
5
Suppose 9364 = -i + 5*i. What is the tens digit of i?
4
Let r = 15 - 5. Let c = r + -1. Suppose 2 = -y + c. What is the units digit of y?
7
Let k = -448 + 2451. What is the units digit of k?
3
Suppose 3*w - 2332 = -5*f, -13*f + w = -14*f + 468. What is the hundreds digit of f?
4
Let y = 196 + -10. What is the units digit of y?
6
Suppose i + 4*h - 14 = 0, 3*i = -0*h + 4*h - 38. Let c(s) = -38*s + 14. What is the tens digit of c(i)?
4
Let v = 137 - -231. What is the units digit of v?
8
Let z be (6/(-9))/(1/81). What is the tens digit of 76/(-6)*z/36?
1
Let f(l) = 10*l**2 - l + 15. What is the units digit of f(3)?
2
Suppose -3*d - 30*d + 6765 = 0. Let f(c) = -c**2 - 5*c - 8. Let q be f(9). Let h = d + q. What is the units digit of h?
1
Let m = -676 - -987. What is the units digit of m?
1
Let t = -121 + 180. Let o = t - 21. What is the units digit of o?
8
What is the tens digit of (-571)/((-7)/(-7) + -2)?
7
Let p(s) = -2*s - 23. Let n be p(-10). Let j be (n/6*0)/(-2). Let q(r) = -r**2 + r + 31. What is the tens digit of q(j)?
3
Let x be 921/13 - ((-16)/52)/2. Suppose 3*b - x = 313. What is the units digit of b?
8
Suppose 0 = -5*h + 2*h. Suppose h = -4*z + z + 15, 5*f - 4*z = 360. What is the tens digit of f?
7
Let w(q) = 3*q**3 - 23*q**2 - 14*q - 19. What is the tens digit of w(11)?
3
Let n(a) = 82*a**3 - a**2 + 3*a - 9. What is the hundreds digit of n(2)?
6
Let l(y) = 2*y - 27. Let v be l(15). Suppose -2*i = -v*i + 5*f + 38, 0 = 2*i + 5*f - 106. What is the tens digit of i?
4
Let k(r) = 4*r**2 + 11*r + 17. Let t(c) = -2*c**2 - 5*c - 8. Let y(b) = 3*k(b) + 5*t(b). What is the units digit of y(-7)?
3
Let g(m) = -m**2 + 6*m + 16. Let r be g(8). Suppose r = 4*o + 12, -186 = -3*p - 3*o - 0*o. What is the units digit of p?
5
Let g(k) = -2*k - 1. Let u be g(-1). Suppose -5 - u = 3*h. What is the units digit of (h - (1 + -4)) + 26?
7
Let i be (4/2)/(2/9). Let x be (14/21)/((-2)/i). Let f(r) = r**2 - 5*r - 1. What is the tens digit of f(x)?
2
Suppose -5*v + 10 + 5 = 0. Suppose 317 - 62 = v*t. What is the tens digit of t?
8
Let u(k) = 6*k**3 - 10*k**2 + 2*k. Let j be u(4). Suppose h - r = 4*r + j, 0 = 3*h - r - 626. What is the hundreds digit of h?
2
Let a = -1027 - -2740. What is the thousands digit of a?
1
Suppose -3*q + t - 4*t - 36 = 0, 3*q + 41 = -4*t. Let m(n) = -n**3 - 4*n**2 + 10*n + 12. What is the tens digit of m(q)?
8
Suppose 21*t = 17*t + 20. Suppose 0 = -13*p + t*p + 1432. What is the tens digit of p?
7
Let g(v) = -155*v - 2. Let m be 15/(-18) - 8/48. What is the units digit of g(m)?
3
Suppose -1349 = 4*z - 4777. What is the hundreds digit of z?
8
Let g = 139 + -419. What is the tens digit of (g/(-12))/(-5)*-33?
5
Let m = 31 - 31. Suppose m = -5*n + 3*s + 30 - 13, 7 = 3*n - 5*s. Suppose 4*k + n*k - 424 = 0. What is the units digit of k?
3
Let b(d) = -222*d - 66. What is the units digit of b(-4)?
2
Suppose 195*y + 1053 = 208*y. What is the units digit of y?
1
Let v(c) be the third derivative of 13*c**5/60 + c**4/24 + c**3/6 + 5*c**2. What is the tens digit of v(-3)?
1
